- 10*k + 140. Calculate the highest common divisor of k and 5.
5
Let q be 7/((-4)/4) - -8. Let p(a) = a**2 - 3*a + 3. Let g be p(4). Calculate the greatest common divisor of g and q.
1
Let y = 13 - 2. Let b be (3/(-1))/((2/5)/(-2)). Let j be 6/4*1210/b. What is the greatest common divisor of j and y?
11
Let p = 30 - 11. Let v(s) = 4*s**2 + 233*s - 306. Let i be v(-60). Calculate the highest common factor of i and p.
19
Suppose 7*j = 2*j + 2*u + 43, 0 = -u + 1. What is the highest common factor of j and 15?
3
Suppose 18*a = 17*a - 24. Let r be 15/(-6)*a/10. Calculate the highest common divisor of 4 and r.
2
Let f = 3 - 2. Suppose -m - 3 = -4*t, -5*t - f = -4*m - 2. Let q = m + 0. What is the highest common factor of q and 5?
1
Suppose 3*m - 120 = 3*l, -2*m - 3*l - l = -56. Calculate the greatest common divisor of m and 252.
36
Let f(v) = -v**3 + 23*v**2 + 54. Let p be f(23). What is the greatest common divisor of 234 and p?
18
Let m(k) = -k**2 + 15*k - 20. Let j be m(12). Let q = j + -7. Calculate the highest common divisor of q and 45.
9
Let s(o) = o**3 + 16*o**2 - 3*o + 4. Suppose -2*i - 57 = 5*p, -3*i + p = -i + 27. Let c be s(i). Calculate the highest common divisor of 78 and c.
26
Let y(j) = -2*j**3 - 2*j**2 + j + 2. Suppose 1 = 5*u + 3*o - 4, 4*o - 22 = u. Let f be y(u). Calculate the highest common factor of 72 and f.
8
Suppose -2*z = 38 - 1006. What is the highest common divisor of 11 and z?
11
Let p(r) = 2*r + 8. Let j be p(-6). Let f be j/18 - 7964/(-198). What is the greatest common factor of f and 20?
20
Suppose 0 = 68*j - 767 - 1069. Let m(u) = u + 4. Let c be m(-4). Suppose 3*d + 2 - 29 = c. What is the highest common factor of d and j?
9
Let h(o) = o**3 + 21*o**2 - 8*o - 100. Let v be h(-20). Calculate the highest common divisor of 160 and v.
20
Let p = 56 + -59. Let d(n) = n**3 + 4*n**2 + n + 1. Let h be d(p). What is the greatest common divisor of 133 and h?
7
Let a = -237 - -561. What is the highest common divisor of 72 and a?
36
Suppose 0 = -p - 2*p + 63. Suppose p*t - 12*t = 225. What is the highest common divisor of 75 and t?
25
Let p = 5011 - 3131. What is the highest common divisor of p and 40?
40
Suppose 2*z + 268 = -2*z. Let s = z - -119. What is the highest common divisor of 13 and s?
13
Let q be (3 + (-4 - -3))*3. Let g be 3 + -2*3/q. Let x be (-2 + g - 2) + 82. What is the highest common divisor of 8 and x?
8
Let r(q) = -q**2 + 2*q + 103. Let x be r(11). What is the greatest common divisor of 164 and x?
4
Suppose -2*d + 252 = -6*s, -128 = -12*d + 11*d + s. What is the highest common factor of d and 6?
3
Suppose 10*g = -10*g - 2260. Let j = g - -122. Calculate the greatest common factor of j and 144.
9
Let t = 645 + -613. What is the greatest common factor of t and 32?
32
Let t(f) = 68*f - 20. Let s be t(5). Calculate the greatest common divisor of s and 80.
80
Let d = 591 + -468. Calculate the highest common divisor of 41 and d.
41
Let r be 200/8 + 32 + -15. Let q be ((-1)/2)/(3/396). Let n = q - -171. Calculate the highest common divisor of n and r.
21
Suppose -5*i = -2*y - 204, -3*i - y + 118 = -0*y. Let u = 148 + -140. What is the greatest common divisor of u and i?
8
Let u = 10 - 7. Suppose 3*j + b = -71 + 406, -2*j + u*b = -216. Let a = -48 + j. Calculate the highest common divisor of 9 and a.
9
Let z(b) = b**3 + 14*b**2 + 4*b - 22. Let r be z(-8). Calculate the greatest common factor of 30 and r.
30
Suppose -50*q + 714 = q. What is the highest common divisor of 854 and q?
14
Let s be 1 + -1 - 5/(-1). Let r = -5 + -15. Let o(w) = -w**3 - 19*w**2 + 20*w + 2. Let t be o(r). What is the greatest common factor of s and t?
1
Suppose b = -4*c + 412, 3*b + 48*c - 44*c - 1252 = 0. What is the greatest common divisor of 45 and b?
15
Let k(b) = b**3 - b**2 - 9*b - 22. Let p be k(6). What is the greatest common factor of p and 6?
2
Let l = -29 - -16. Let h = l + 9. Let b be 1/(h*3/(-48)). Calculate the greatest common divisor of b and 6.
2
Let p = 89 + -75. Suppose -3*t + 16 = -p. Calculate the greatest common divisor of t and 25.
5
Let h be (-2)/18 + (-63952)/(-144). Calculate the greatest common divisor of 12 and h.
12
Suppose 0 = 3*c - 2*c - 35. Suppose 3*d + 9 = 0, -x - d = -16 - c. Let z be 4/(-6)*3 - -38. What is the highest common factor of z and x?
18
Let p(u) = 14*u + 107. Let o be p(-3). What is the greatest common divisor of 65 and o?
65
Let d = -11 - -16. Suppose -u + 22 = -c + 4*u, -d*u + 34 = 3*c. Suppose c*r + 70 - 196 = 0. Calculate the greatest common divisor of 28 and r.
14
Suppose 160 = 25*f - 190. Suppose g + 28 = 3*g. What is the highest common divisor of f and g?
14
Let t(d) = d**2 - 11*d + 42. Let m be t(12). What is the highest common factor of m and 54?
54
Let k = 3 + 1. Let h be -1 - (-3 - -2) - 4. Let t be (-1)/h + 60/16. Calculate the greatest common factor of t and k.
4
Let r(l) = 11*l - 1. Suppose o - 3 + 2 = 0. Let f be r(o). Let s be (f/(-20))/(1/(-2)). Calculate the highest common factor of 3 and s.
1
Let x = -7 - 8. Let s = x - -30. Let u(i) = i**2 + 5*i. Let l be u(-6). Calculate the greatest common divisor of l and s.
3
Suppose 2*q + q - 1317 = 0. Suppose -q = -3*r + 2*r. Suppose -2*f = k + k - 290, 5*k = -3*f + r. What is the greatest common divisor of f and 13?
13
Let v(d) = 45*d - 8. Let o be v(4). Suppose -4*s + 74 + 78 = -4*q, 0 = -2*s + 3*q + 71. Calculate the highest common factor of o and s.
43
Let z be (-4)/((-36)/261) - (2 + 0). Calculate the highest common factor of 6 and z.
3
Let p = -115 + 164. Let m be 504/p + (-4)/14. Calculate the highest common divisor of m and 25.
5
Let d be (-8421)/(-27) - (-5)/45. What is the highest common factor of d and 39?
39
Let m(r) = -r**2 - 16*r + 1. Let q(c) = c**3 - 5*c**2 + c - 1. Let v be q(4). Let d be m(v). Calculate the highest common divisor of 5 and d.
5
Let p = 1654 - 1642. Suppose -12 = g - 2*g. Calculate the highest common divisor of g and p.
12
Suppose -t + 1284 = 5*l, -3*l - 2568 = 2*t - 4*t. Suppose -6*d + t + 36 = 0. Calculate the greatest common divisor of d and 11.
11
Let u be (-25)/10*252/(-30). Suppose -4*o = -m + 264, 0 = 2*o - 2*m + 32 + 106. Let w = o + 149. What is the highest common factor of u and w?
21
Let r(k) = -2*k**3 - 5*k**2 + 7*k - 5. Let o be r(-5). Let m = o - 30. Calculate the highest common divisor of m and 5.
5
Let t(i) = 208*i**2 + 1. Let m = 19 - 10. Suppose p + m = -4*p - 4*a, -5*p - 7 = 2*a. Let u be t(p). Calculate the highest common factor of 19 and u.
19
Let f be ((-144)/108)/((-8)/198). Calculate the greatest common factor of f and 77.
11
Let f(g) = 3*g + 47. Let n be f(-2). What is the greatest common factor of 41 and n?
41
Let t = -1044 - -1414. What is the greatest common divisor of 296 and t?
74
Suppose 4*u - 4*v = 88, -76 - 46 = -5*u + v. Let b be ((-50)/8)/(17/(-612)). Calculate the highest common factor of u and b.
25
Suppose 2*r - 916 = -888. Let j(o) = o**2 + 28. Let n be j(0). Calculate the greatest common divisor of n and r.
14
Let g(u) = u**2 + 10*u + 1. Let a be g(7). What is the highest common divisor of a and 540?
60
Suppose -z + 10 = -0*z. Suppose 16 = 3*b + y - 3*y, 5*y + 14 = b. What is the highest common divisor of b and z?
2
Suppose -2*p = -7*p + 2*c + 16, 0 = -4*p - c + 18. Suppose -g + 121 = -p*n, 5*g - 527 - 54 = -4*n. What is the greatest common divisor of g and 39?
39
Suppose -4*a + 5*c + 29 + 48 = 0, -4*a + 3*c + 75 = 0. Suppose -74 + 2 = -4*x. Calculate the highest common divisor of x and a.
18
Let t = 177 - 25. Calculate the highest common divisor of 38 and t.
38
Let q be 24/(-36)*(1 - -5). Let o be (-9)/36 + (-865)/q. Let y = o + -46. Calculate the highest common divisor of y and 17.
17
Let t be -2*2/(-4) - -3. Let v be ((-2376)/120 - -27)/(2/10). Calculate the greatest common factor of v and t.
4
Suppose 2*v - 38 = -0*v. Suppose -3*n + 6*d - 165 = 8*d, -5*n - 273 = 4*d. Let y = 152 + n. What is the greatest common divisor of v and y?
19
Suppose -680 - 2 = -2*l + 2*o, -2*o + 338 = l. What is the highest common divisor of l and 80?
20
Suppose i - 24 = -3*i. Calculate the highest common factor of 24 and i.
6
Let a be (-1)/((-21)/(-4) - 5). Let x(d) = -d**2 - 3*d + 8. Let h be x(-6). Let q be a/h + 8/5. Calculate the highest common factor of q and 1.
1
Let h = -435 - 